.
39
What is the remainder when 171 is divided by 58?
55
Calculate the remainder when 797 is divided by 16.
13
What is the remainder when 293 is divided by 44?
29
Calculate the remainder when 639 is divided by 16.
15
What is the remainder when 257 is divided by 88?
81
Calculate the remainder when 144 is divided by 113.
31
Calculate the remainder when 159 is divided by 41.
36
What is the remainder when 143 is divided by 16?
15
What is the remainder when 853 is divided by 290?
273
What is the remainder when 203 is divided by 36?
23
What is the remainder when 530 is divided by 9?
8
Calculate the remainder when 297 is divided by 50.
47
Calculate the remainder when 586 is divided by 21.
19
Calculate the remainder when 282 is divided by 28.
2
What is the remainder when 92 is divided by 81?
11
Calculate the remainder when 43 is divided by 23.
20
What is the remainder when 74 is divided by 64?
10
Calculate the remainder when 18859 is divided by 10.
9
Calculate the remainder when 20 is divided by 14.
6
What is the remainder when 141 is divided by 52?
37
What is the remainder when 331 is divided by 29?
12
Calculate the remainder when 111 is divided by 34.
9
What is the remainder when 2638 is divided by 29?
28
What is the remainder when 6137 is divided by 62?
61
Calculate the remainder when 5317 is divided by 759.
4
What is the remainder when 294 is divided by 262?
32
Calculate the remainder when 189 is divided by 25.
14
What is the remainder when 634 is divided by 58?
54
Calculate the remainder when 343 is divided by 91.
70
Calculate the remainder when 672 is divided by 77.
56
Calculate the remainder when 51181 is divided by 33.
31
Calculate the remainder when 2487 is divided by 20.
7
Calculate the remainder when 808 is divided by 165.
148
Calculate the remainder when 1512 is divided by 166.
18
Calculate the remainder when 175 is divided by 81.
13
Calculate the remainder when 857 is divided by 24.
17
What is the remainder when 3751 is divided by 99?
88
What is the remainder when 2802 is divided by 17?
14
Calculate the remainder when 551 is divided by 92.
91
Calculate the remainder when 16139 is divided by 20.
19
What is the remainder when 872 is divided by 23?
21
What is the remainder when 378 is divided by 189?
0
What is the remainder when 1442 is divided by 76?
74
Calculate the remainder when 126 is divided by 47.
32
Calculate the remainder when 278 is divided by 35.
33
What is the remainder when 1229 is divided by 41?
40
What is the remainder when 377 is divided by 35?
27
Calculate the remainder when 416 is divided by 326.
90
Calculate the remainder when 52 is divided by 28.
24
Calculate the remainder when 226 is divided by 72.
10
What is the remainder when 600 is divided by 43?
41
Calculate the remainder when 379 is divided by 123.
10
Calculate the remainder when 55 is divided by 5.
0
Calculate the remainder when 17 is divided by 3.
2
Calculate the remainder when 416 is divided by 140.
136
What is the remainder when 946 is divided by 210?
106
What is the remainder when 1141 is divided by 2?
1
Calculate the remainder when 19 is divided by 9.
1
Calculate the remainder when 56 is divided by 10.
6
What is the remainder when 351 is divided by 32?
31
What is the remainder when 186 is divided by 182?
4
What is the remainder when 60 is divided by 13?
8
Calculate the remainder when 483 is divided by 18.
15
What is the remainder when 1090 is divided by 138?
124
Calculate the remainder when 223 is divided by 12.
7
Calculate the remainder when 279 is divided by 17.
7
Calculate the remainder when 3791 is divided by 48.
47
What is the remainder when 174 is divided by 20?
14
What is the remainder when 17004 is divided by 95?
94
What is the remainder when 173 is divided by 38?
21
Calculate the remainder when 160 is divided by 81.
79
Calculate the remainder when 185 is divided by 22.
9
Calculate the remainder when 450 is divided by 144.
18
What is the remainder when 11364 is divided by 31?
18
Calculate the remainder when 152 is divided by 19.
0
What is the remainder when 98 is divided by 20?
18
Calculate the remainder when 105 is divided by 22.
17
What is the remainder when 646 is divided by 27?
25
What is the remainder when 8909 is divided by 165?
164
Calculate the remainder when 3338 is divided by 10.
8
Calculate the remainder when 133 is divided by 72.
61
What is the remainder when 292 is divided by 49?
47
What is the remainder when 302 is divided by 112?
78
Calculate the remainder when 298 is divided by 26.
12
Calculate the remainder when 767 is divided by 199.
170
What is the remainder when 361 is divided by 172?
17
What is the remainder when 71 is divided by 15?
11
Calculate the remainder when 152 is divided by 77.
75
Calculate the remainder when 362 is divided by 141.
80
Calculate the remainder when 293 is divided by 27.
23
What is the remainder when 801 is divided by 198?
9
What is the remainder when 369 is divided by 76?
65
What is the remainder when 241 is divided by 33?
10
Calculate the remainder when 12163 is divided by 7.
4
Calculate the remainder when 589 is divided by 37.
34
What is the remainder when 401 is divided by 43?
14
What is the remainder when 23362 is divided by 46?
40
Calculate the remainder when 226 is divided by 83.
60
Calculate the remainder when 457 is divided by 17.
15
Calculate the remainder when 2454 is divided by 13.
10
What is the remainder when 82326 is divided by 164?
162
What is the remainder when 2411 is divided by 2391?
20
Calculate the remainder when 54 is divided by 21.
12
Calculate the remainder when 131 is divided by 12.
11
What is the remainder when 19 is divided by 4?
3
Calculate the remainder when 4445 is divided by 248.
229
Calculate the remainder when 1659 is divided by 412.
11
What is the remainder when 487 is divided by 35?
32
Calculate the remainder when 1485 is divided by 133.
22
Calculate the remainder when 10 is divided by 7.
3
What is the remainder when 2787 is divided by 1392?
3
What is the remainder when 9356 is divided by 39?
35
Calculate the remainder when 150 is divided by 55.
40
What is the remainder when 1976 is divided by 198?
194
What is the remainder when 1164 is divided by 19?
5
Calculate the remainder when 374 is divided by 91.
10
Calculate the remainder when 233 is divided by 117.
116
Calculate the remainder when 991 is divided by 71.
68
Calculate the remainder when 532 is divided by 148.
88
What is the remainder when 7519 is divided by 32?
31
What is the remainder when 739 is divided by 44?
35
Calculate the remainder when 97 is divided by 5.
2
What is the remainder when 34 is divided by 9?
7
Calculate the remainder when 165 is divided by 42.
39
Calculate the remainder when 154 is divided by 79.
75
What is the remainder when 420 is divided by 53?
49
What is the remainder when 742 is divided by 181?
18
Calculate the remainder when 1319 is divided by 15.
14
Calculate the remainder when 32 is divided by 10.
2
Calculate the remainder when 1564 is divided by 9.
7
Calculate the remainder when 2922 is divided by 14.
10
Calculate the remainder when 444 is divided by 50.
44
What is the remainder when 5365 is divided by 215?
205
What is the remainder when 1307 is divided by 148?
123
What is the remainder when 73 is divided by 5?
3
What is the remainder when 186 is divided by 47?
45
Calculate the remainder when 179 is divided by 57.
8
Calculate the remainder when 108 is divided by 24.
12
Calculate the remainder when 1898 is divided by 211.
210
Calculate the remainder when 4351 is divided by 68.
67
Calculate the remainder when 61 is divided by 52.
9
What is the remainder when 1365 is divided by 678?
9
What is the remainder when 187 is divided by 152?
35
What is the remainder when 415 is divided by 141?
133
Calculate the remainder when 521 is divided by 105.
101
What is the remainder when 129 is divided by 26?
25
Calculate the remainder when 213 is divided by 5.
3
Calculate the remainder when 7957 is divided by 20.
17
Calculate the remainder when 1448 is divided by 63.
62
What is the remainder when 38 is divided by 10?
8
Calculate the remainder when 59 is divided by 9.
5
What is the remainder when 263 is divided by 45?
38
What is the remainder when 1048 is divided by 10?
8
Calculate the remainder when 219 